et x be a(4). Suppose -d = 8*d - x. What is the highest common factor of q and d?
22
Let n be (-2 + (-10)/(-4))/(5/170). Suppose n*k = 24*k - 861. What is the highest common divisor of 41 and k?
41
Let a be 2*(-2)/1*-5. Let l = 1258980 - 1258840. What is the highest common factor of a and l?
20
Suppose 90*x - 938 = 293*x - 7028. What is the greatest common divisor of x and 7485?
15
Suppose -p = -j - 165, 108 + 547 = 4*p - 3*j. Let i(t) = t**3 - 23*t**2 + 5. Let o be i(23). Calculate the highest common divisor of p and o.
5
Suppose 40 = 4*k + 4*l, 22 = -2*k + 3*k + 4*l. Let b be 3 + -3 + 150/k. What is the highest common divisor of 275 and b?
25
Suppose -2301 = -34*h - 21*h - 651. What is the highest common divisor of h and 255?
15
Suppose 5*k - a = 7*k - 43, 0 = -k + 2*a + 19. Suppose 0 = -r + k - 15. Let v be 2/(-3*3/(-27)). What is the greatest common divisor of r and v?
6
Let s be (-93)/(-7*(-6)/(-210)). Calculate the greatest common factor of s and 125.
5
Suppose 5*o - 60 = 5*f, -5*o - 11 + 74 = -4*f. Suppose -772 = -4*s + k + 3*k, 2*s + 3*k - 396 = 0. Calculate the highest common divisor of s and o.
15
Suppose -10567 = -25*d - 3817. Calculate the highest common divisor of 2520 and d.
90
Let o = 484704 - 484564. Let z(d) = 40*d**2. Let t = 0 + 1. Let x be z(t). Calculate the greatest common factor of o and x.
20
Suppose -5*a + 38*t - 36*t + 74 = 0, 4*a = -t + 67. What is the greatest common factor of 6112 and a?
16
Suppose -844*w = -856*w + 228. Suppose 0 = 4*g + g - 10. Let j be (-570)/25*(-5)/g. What is the highest common divisor of j and w?
19
Let x be (-144 - -7)/(((-9)/(-3))/3). Let k = -97 - x. Let d = k - 10. Calculate the greatest common factor of d and 20.
10
Let x be (-13 + 0)*(-6)/6. Let j be (-3 - (-54)/(-15))*15. Let v = 203 + j. What is the greatest common divisor of v and x?
13
Suppose -3*j = 5*c + 556, 117 = -2*j - 2*c - 259. Let h = 320 + j. What is the greatest common divisor of h and 96?
32
Let a be (481032/(-16))/(-27)*(-2 - 8/(-2)). Calculate the highest common divisor of a and 34.
17
Let x(r) = -16*r**2 - 18*r - 62. Let u be x(-6). Let s = u + 560. What is the greatest common factor of s and 170?
10
Suppose -4*r = -15 - 273. Suppose 32*t = 23*t + 675. Suppose t*u = 12*u + 11340. What is the greatest common divisor of r and u?
36
Suppose y = 3*w + 39, -3*y - w + 56 + 61 = 0. Let q be ((-12)/(-4) - 5)*y/(-2). What is the highest common factor of 312 and q?
39
Let u = 23 - 17. Let h be 78/48*4 + u/4. Suppose -310 = -h*c + 6*c. Calculate the greatest common divisor of c and 62.
31
Suppose -547*s - 11400 = -661*s. Calculate the highest common divisor of s and 24800.
100
Let p be 12*(-13)/1404 + (-290)/(-18). Calculate the highest common divisor of p and 9136.
16
Let c be 1 + (-236)/(-10) - (-62)/155. Let d(k) = -51*k - 4. Let g be d(-4). What is the highest common divisor of g and c?
25
Suppose -10*o + 35*o - 35775 - 12200 = 0. Calculate the highest common divisor of 589 and o.
19
Suppose 0 = -3*h - 2*o - 175, -5*h + 0*o = -3*o + 260. Let p = h + 90. Calculate the greatest common factor of p and 10.
5
Suppose -73*r - 36*r + 2339 - 813 = 0. Calculate the highest common factor of r and 343.
7
Let w = 17 + -8. Let z(k) = -27*k. Let d be z(-1). Let o = d - w. What is the greatest common divisor of 198 and o?
18
Suppose 1773 = 5*f - 3*b, -5*f - 702 + 2467 = -5*b. Let h(q) = 149*q**2 + 906*q + 174. Let t be h(-6). What is the highest common factor of f and t?
51
Let p(c) = 10*c + 8435. Let z be p(-116). What is the greatest common factor of 1164 and z?
291
Suppose -4*u + 3*u = 50. Let m be (8/10)/((-4)/u). Let a = 1332 - 1327. Calculate the highest common divisor of m and a.
5
Let h(w) = 1013*w**3 - 2*w**2 + 2*w + 3. Let c be h(-1). Let l = -685 - c. What is the greatest common divisor of l and 47?
47
Let o be 11 - (13809/(-10) + 65/(-650)). Calculate the highest common factor of o and 1972.
116
Suppose 9*b = 7*b + 70. Let x = -967 - -974. Calculate the highest common factor of b and x.
7
Suppose 7302*q - 7409*q = -1605. Suppose -g = -6*g + 10. Suppose -2*k + 20 = g*k. Calculate the greatest common factor of k and q.
5
Suppose 50*q + 3001 + 9399 = 0. Let d = -168 - q. Calculate the greatest common factor of 640 and d.
80
Suppose 4*w - z + 2*z = 30, -22 = -2*w + 3*z. Calculate the highest common factor of w and 248.
8
Let g = -13586 + 14066. Calculate the greatest common divisor of g and 1410.
30
Let l(a) = 273*a - 804. Let m be l(3). Let i(g) = -g**3 - 7*g**2 + 7*g + 7. Let h be i(-8). Calculate the highest common factor of m and h.
15
Let x = -15 + 10. Let p be -6*(-1 - x/(-2)). Suppose 23*t = 2*r + 22*t - 162, -3*r + 2*t = -240. What is the highest common divisor of r and p?
21
Let z = 4031 + -3969. What is the highest common factor of 3317 and z?
31
Let c be 0 + (-26)/260 + 401/10. Suppose 0 = 5*y - 407 - 78. Let m be y + 2 + (3 - 2). What is the greatest common divisor of c and m?
20
Suppose -7*k + 391 = 342. What is the greatest common factor of 9 and k?
1
Let q be 2/(-2) - (-68 - 80/(-10)). Suppose -36 - q = -b. Calculate the greatest common divisor of b and 57.
19
Suppose 2*s = -3*c + 8*c - 19, 3*c + s = 7. Let k be (c*-3)/((-5)/(-960)*-9). Calculate the greatest common divisor of 12 and k.
12
Let u(f) = -4*f - 22. Let m be u(-7). Suppose m*o - 36 = -3*o. Suppose -t = -o - 8. Calculate the greatest common divisor of t and 12.
12
Let h = -28 + 27. Let r be h/(-2)*(-1 + 1). Suppose 5*k - 2 = -s - r, -3*s = -2*k - 6. What is the highest common factor of s and 2?
2
Let o be (-5)/(-4)*(-224)/(-7). Suppose -1 = -v - 4*k + 7, -3*k - o = -5*v. Let m be 21*(-7)/21*(-1 - 7). Calculate the highest common divisor of m and v.
8
Let t be (62721/(-230))/(-27) - 2/20. Calculate the greatest common divisor of t and 1910.
10
Suppose -12*t + 39337 = -51239. Calculate the greatest common factor of t and 102.
102
Let j(q) = 8*q + 19. Let b(s) = 22*s + 58. Let i(u) = -3*b(u) + 8*j(u). Let y be i(-22). What is the greatest common divisor of y and 99?
11
Suppose 4*v - 79 = 5*j, 0 = -3*j + 3. Let d(w) = w**3 + 17*w**2 + 38*w + 7. Let s be d(-4). What is the highest common divisor of s and v?
21
Suppose -k + 4*s = -4 + 5, -25 = 3*k - s. Let d be k/6*(-123 - (-6 - -3)). Let i(b) = 4*b. Let j be i(5). What is the highest common factor of d and j?
20
Let n(s) = 2*s**2 + 13*s - 9. Let r be n(-7). Let v be (-2)/(-4)*16*1. Let x be 34 - (v - (6 + r)). Calculate the highest common factor of 15 and x.
15
Let z(q) = 4373*q - 403. Let j be z(1). Calculate the highest common divisor of 10 and j.
10
Let j(p) = -232*p - 2531. Let y be j(-11). What is the greatest common factor of y and 2674?
7
Let l = 18 + -48. Let p = -28 - l. Suppose p*f = -3*q + 249, 5*f - 237 = 3*f + q. Calculate the greatest common factor of f and 30.
30
Suppose -12*w + 14*w - 2*v - 6 = 0, 5*v = -3*w + 1. Suppose r - w*t - 38 = 0, -2*t + 5 = 3*t. Calculate the highest common factor of 760 and r.
40
Suppose -x - b + 24 = 0, 3*x - 71 = -b + 1. Suppose -3*j + 44 = i, -4*i - 25 = -2*j + 23. What is the greatest common divisor of j and x?
8
Suppose 3*n + 293 = 4*n - 2*m, -3*n - 3*m + 843 = 0. Calculate the highest common factor of 720 and n.
15
Suppose -60 = -16*a + 11*a. Let v(g) = g**3 - 14*g**2 + 24*g. Let d be v(a). Suppose d = -2*c - 6 + 10. What is the highest common factor of 16 and c?
2
Suppose -32*x = -1641 - 7479. Calculate the highest common factor of 15 and x.
15
Let o = 52 + -48. Suppose o*p + 363 = 675. What is the greatest common divisor of 6 and p?
6
Suppose 0 = 6*n - 12*n + 4446. Suppose -4*i - 714 = -a, a - 5*i = 2*a - n. Suppose -10*s - s + a = 0. Calculate the greatest common divisor of 11 and s.
11
Let i = 450 + 4101. Calculate the highest common divisor of 41 and i.
41
Suppose 252 = 4*a - 84. Suppose -2*l - 170 = 3*l. Let t = l + 46. Calculate the highest common factor of a and t.
12
Let d(u) be the second derivative of u**4/4 + u**3/2 + u**2 + 34*u. Let w be d(-4). What is the greatest common divisor of 38 and w?
38
Suppose -3*t - b + 597 = 0, 0*t = -2*t - 4*b + 388. Suppose t = 5*l - 4*p, 7 + 54 = l - 5*p. What is the greatest common factor of l and 96?
12
Let d(m) = -5*m**2 + 6*m + 8. Let j be d(-1). Let a be (j - -10) + -1 - -158. Suppose -82 = -5*g + 123. What i